21
What is -50318 (base 12) in base 4?
-121123010
What is 1ba85 (base 14) in base 9?
116850
Convert 132758 (base 10) to base 7.
1062023
29691c (base 14) to base 10
1439646
What is 2100102212122 (base 3) in base 11?
78317a
What is -4b6933 (base 14) in base 16?
-278d91
-32330101310 (base 4) to base 12
-138a898
What is bbb477 (base 14) in base 7?
105066410
-42e9b (base 16) to base 10
-274075
3a3cb (base 15) to base 5
21431431
1acc30 (base 15) to base 5
313340440
Convert -1381a6 (base 13) to base 9.
-803338
What is 18377 (base 10) in base 15?
56a2
-14713 (base 15) to base 6
-1224130
Convert -181640a (base 12) to base 5.
-2240231310
10110110111001111010 (base 2) to base 7
6240123
What is -2554122 (base 10) in base 8?
-11574412
What is 120346 (base 10) in base 6?
2325054
-13131010321 (base 4) to base 7
-22416046
What is -11200220200 (base 4) in base 12?
-597a54
1053460 (base 7) to base 14
359d7
What is -10726208 (base 9) in base 5?
-2313321403
Convert -3332212010 (base 5) to base 3.
-111202002012201
-33311331001 (base 4) to base 11
-2387364
-30243243 (base 5) to base 6
-5115353
What is 66215 (base 11) in base 6?
2020510
-b094b7 (base 13) to base 8
-17521166
What is -b6865 (base 12) in base 7?
-2015546
What is -11012201 (base 4) in base 8?
-50641
What is 100010110011011 (base 2) in base 11?
1242a
-780222 (base 10) to base 8
-2763676
-1737976 (base 14) to base 11
-64a8000
10222650 (base 7) to base 14
1866d0
Convert 121582 (base 13) to base 5.
102302223
What is 80710 (base 14) in base 10?
308714
What is 30376 (base 8) in base 10?
12542
What is 48878 (base 12) in base 4?
113323130
14153655 (base 7) to base 3
2111021121200
What is 3de126 (base 16) in base 14?
777c6a
-1311b (base 14) to base 13
-18444
What is -111010111000111001 (base 2) in base 6?
-5100413
Convert 1000463 (base 11) to base 7.
21030341
-101101201231 (base 4) to base 16
-45186d
Convert 6556560 (base 7) to base 11.
4aa2a3
Convert 1a13264 (base 11) to base 9.
6353277
What is 2110112122200 (base 3) in base 13?
36b20b
Convert 310545 (base 10) to base 16.
4bd11
What is 1a46a4 (base 12) in base 8?
1612334
-1a9ea (base 16) to base 10
-109034
Convert 26702 (base 12) to base 14.
15390
Convert -32096 (base 14) to base 13.
-43027
-20211202112001 (base 3) to base 13
-9a436b
What is 93e64b (base 16) in base 7?
145246511
What is 16430421 (base 8) in base 11?
2175284
What is -1357874 (base 13) in base 14?
-b4b211
-39289 (base 14) to base 3
-21010200010
Convert 256713 (base 15) to base 11.
1015713
Convert -1110100101100101 (base 2) to base 14.
-17abb
Convert -441476 (base 16) to base 3.
-22101200021122
211010021212020 (base 3) to base 4
230312033001
What is 31102040 (base 7) in base 2?
1001111100001011100111
-898200 (base 10) to base 14
-195492
Convert 400043 (base 8) to base 10.
131107
2031413 (base 6) to base 15
1dd99
Convert e5126 (base 16) to base 10.
938278
Convert 2b9b1a0 (base 12) to base 10.
8915016
Convert 3055687 (base 9) to base 13.
4516b7
Convert 201316503 (base 7) to base 5.
10443434004
-2114413441 (base 5) to base 9
-8333710
Convert 11011211200100 (base 3) to base 10.
2221029
What is -10301103023 (base 4) in base 7?
-13425536
What is -3735114 (base 10) in base 2?
-1110001111111001001010
-101101101101 (base 2) to base 7
-11346
Convert 1c76d4 (base 15) to base 12.
571701
What is -4354 (base 7) in base 8?
-3026
Convert 2231230232 (base 4) to base 13.
1bbab6
What is 75611 (base 8) in base 10?
31625
Convert -111100210222 (base 3) to base 7.
-2143601
What is -202213122311 (base 4) in base 12?
-3057445
-126073 (base 8) to base 14
-120d5
Convert -21102122211 (base 3) to base 4.
-203231221
Convert 11022121200 (base 3) to base 9.
138550
a633 (base 16) to base 6
524551
-3414001 (base 5) to base 3
-10001222210
-45366 (base 7) to base 14
-42a6
Convert -6763923 (base 10) to base 13.
-152a92a
Convert 7803 (base 15) to base 2.
110001101010100
Convert bb774 (base 13) to base 12.
144654
What is 12225342 (base 6) in base 16?
5fd9e
12200012021 (base 3) to base 4
123100333
-203216 (base 10) to base 7
-1504316
Convert 40045 (base 13) to base 15.
23d01
Convert -33324224 (base 5) to base 15.
-5b9ae
Convert -13442334 (base 6) to base 10.
-456754
What is -22325454 (base 6) in base 11?
-425191
Convert -43555b (base 13) to base 14.
-2d2b45
-100000000010000110011 (base 2) to base 12
-42752b
100000011001111110001 (base 2) to base 10
1061873
What is -145383 (base 9) in base 13?
-3181b
Convert 2000001 (base 3) to base 8.
2663
2002223142 (base 5) to base 16
3c33ce
39b35f (base 16) to base 4
32123031133
-5933150 (base 10) to base 4
-112220201132
783512 (base 10) to base 12
319508
-60590 (base 11) to base 7
-516110
What is 4230200 (base 6) in base 12?
9b360
Convert c730 (base 15) to base 4.
22102020
da93d (base 15) to base 12
29571a
Convert -1222010222 (base 3) to base 7.
-220646
Convert 14a131 (base 14) to base 7.
6053461
What is 1101110011001000 (base 2) in base 10?
56520
Convert -ab5b (base 14) to base 13.
-1067b
Convert 21000022212212 (base 3) to base 12.
12b86ab
Convert -3662271 (base 8) to base 7.
-11401116
What is 28d0 (base 16) in base 12?
6068
Convert 2716214 (base 9) to base 16.
16b1e7
Convert 23121310321 (base 4) to base 3.
12121212122101
Convert -10011001101010001 (base 2) to base 9.
-128824
-8608d (base 15) to base 8
-1476647
6329ad (base 14) to base 7
40320406
-977c6 (base 15) to base 7
-4042236
What is -44122114 (base 5) in base 7?
-3140610
What is 7626752 (base 11) in base 13?
2a148c0
Convert 1101001011 (base 3) to base 2.
110100101111100
Convert -32fcc (base 16) to base 15.
-41d2e
What is -1733ad (base 14) in base 7?
-6635106
Convert -130240124 (base 5) to base 16.
-9abbd
1465537 (base 9) to base 15
1104c7
What is 110032 (base 10) in base 6?
2205224
Convert -13434441 (base 6) to base 16.
-6f4f9
-6072683 (base 9) to base 12
-1101040
Convert 271395 (base 11) to base 15.
8650c
Convert -15965940 (base 10) to base 5.
-13041402230
Convert 8839a83 (base 11) to base 9.
32171742
282175 (base 9) to base 14
46a77
What is -62aa86 (base 13) in base 6?
-121252110
-1100001111110001000001 (base 2) to base 12
-10a9995
Convert 7a0a4 (base 13) to base 16.
3634f
Convert 100100111011001111 (base 2) to base 16.
24ecf
Convert -475327 (base 10) to base 8.
-1640277
What is 5416394 (base 11) in base 7?
143650656
-3601404 (base 7) to base 13
-12ba48
Convert 2004213 (base 5) to base 16.
7c40
-13220012333 (base 4) to base 5
-1002434140
-10013420 (base 5) to base 8
-232603
-111220122120 (base 3) to base 8
-1026671
5243117 (base 8) to base 15
1c81a5
Convert -2b54da (base 15) to base 7.
-23536543
What is 7a964 (base 12) in base 5?
20220204
What is 22231132211 (base 4) in base 5?
1204321332
-99ba4 (base 16) to base 10
-629668
What is 4968326 (base 10) in base 3?
100100102021002
Convert 3521c5 (base 13) to base 9.
2332284
629748 (base 13) to base 5
1042242041
530725 (base 8) to base 11
110753
Convert -13d60a (base 15) to base 4.
-3221201011
Convert 1011001100000100111011 (base 2) to base 15.
3ce0bb
-1652557 (base 8) to base 15
-97618
Convert -756368 (base 10) to base 4.
-2320222100
111011001111001001000101 (base 2) to base 10
15528517
What is -364a53 (base 11) in base 4?
-2031000313
What is 43443312 (base 6) in base 12?
526538
105445 (base 6) to base 14
340d
Convert 50484a (base 11) to base 13.
22554b
10012310221 (base 4) to base 7
12102355
1276547 (base 8) to base 2
1010111110101100111
-2b2ca (base 13) to base 16
-13f81
What is 561051 (base 7) in base 8?
301004
What is 21321111010 (base 4) in base 16?
279544
7ca47 (base 13) to base 12
abb74
Convert -3569df (base 16) to base 6.
-203010023
Convert -1140221 (base 5) to base 13.
-9914
What is 337403 (base 9) in base 10?
202260
Convert -1267099 (base 12) to base 2.
-1101110011110110110101
10351 (base 14) to base 11
273a3
Convert 5da84 (base 14) to base 12.
b1004
22015115 (base 6) to base 3
1020022022202
-22011101211 (base 3) to base 12
-78b94
111221222201 (base 3) to base 2
1000011000110001001
Convert -4533233 (base 6) to base 16.
-382f5
Convert -211311201 (base 4) to base 6.
-3153253
Convert 72605 (base 11) to base 12.
51334
Convert 1221234 (base 5) to base 12.
115b3
What is 201123130103 (base 4) in base 12?
2b2732b
What is 360a25 (base 13) in base 8?
4721466
Convert -56142742 (base 8) to b